common divisor of 40 and 1304360?
40
Calculate the highest common factor of 33304 and 7602.
362
Calculate the greatest common factor of 75 and 30585.
15
What is the highest common factor of 855148 and 56?
28
What is the greatest common factor of 30195 and 9333?
549
What is the greatest common factor of 5616 and 6576?
48
Calculate the highest common divisor of 31637 and 17.
17
Calculate the greatest common factor of 872 and 13843.
109
Calculate the greatest common factor of 755 and 385.
5
Calculate the highest common factor of 8745 and 105.
15
What is the highest common divisor of 30 and 1855830?
30
What is the greatest common divisor of 11223 and 1440?
9
What is the greatest common factor of 658994 and 6489?
721
Calculate the highest common factor of 2115 and 5265.
45
What is the highest common divisor of 26 and 709735?
13
What is the greatest common divisor of 791292 and 2820?
564
What is the greatest common divisor of 199548 and 138?
138
What is the highest common factor of 22 and 4873?
11
What is the greatest common divisor of 322270 and 1340?
670
What is the highest common divisor of 3666 and 22278?
282
What is the highest common divisor of 3487 and 113803?
317
Calculate the highest common factor of 3 and 7237.
1
Calculate the highest common divisor of 522 and 2018922.
174
Calculate the highest common factor of 614241 and 2455.
491
Calculate the greatest common factor of 8834 and 21.
7
What is the greatest common divisor of 233 and 253271?
233
Calculate the greatest common factor of 42 and 2922.
6
What is the greatest common factor of 565461 and 1215?
243
Calculate the greatest common divisor of 33028 and 23368.
92
Calculate the highest common divisor of 86 and 134.
2
What is the highest common divisor of 55977 and 47?
47
What is the greatest common divisor of 3 and 23789?
1
What is the greatest common divisor of 491 and 4284957?
491
Calculate the greatest common factor of 715 and 89045.
55
What is the highest common factor of 1782 and 175158?
18
Calculate the greatest common divisor of 4394094 and 739.
739
Calculate the greatest common factor of 111838 and 199.
199
Calculate the greatest common factor of 7752 and 21204.
228
What is the highest common divisor of 165 and 21465?
15
Calculate the highest common factor of 46 and 15374.
2
Calculate the highest common factor of 138516 and 97.
97
What is the greatest common factor of 159 and 909957?
159
Calculate the greatest common divisor of 17490 and 980.
10
Calculate the highest common factor of 63 and 3141.
9
Calculate the greatest common factor of 125844 and 84.
12
What is the highest common factor of 54743 and 26?
13
Calculate the greatest common factor of 536 and 6341684.
268
Calculate the greatest common divisor of 211750 and 3630.
1210
Calculate the highest common factor of 26 and 173498.
26
What is the highest common divisor of 12598 and 2?
2
Calculate the highest common factor of 234 and 35152.
26
Calculate the greatest common factor of 326 and 81989.
163
Calculate the greatest common divisor of 9717 and 10665.
237
What is the highest common factor of 107 and 5831179?
107
Calculate the greatest common factor of 3115 and 203098.
623
What is the greatest common factor of 13571 and 128759?
331
Calculate the highest common factor of 29130 and 54.
6
Calculate the highest common factor of 1548 and 18288.
36
Calculate the greatest common divisor of 77088 and 880.
176
What is the greatest common factor of 436 and 724?
4
Calculate the greatest common divisor of 8955 and 9990.
45
Calculate the greatest common factor of 1304 and 10749524.
652
Calculate the highest common factor of 7884 and 864.
108
What is the greatest common divisor of 390 and 186330?
30
What is the greatest common factor of 13674 and 106?
106
What is the greatest common factor of 1356 and 82829?
113
Calculate the highest common factor of 1805 and 13357.
361
Calculate the greatest common factor of 243295 and 2223.
247
Calculate the greatest common divisor of 21968 and 224.
16
Calculate the highest common factor of 15826 and 43460.
82
What is the highest common factor of 437 and 13034?
19
What is the highest common divisor of 668714 and 1542?
514
Calculate the greatest common factor of 70220 and 40.
20
Calculate the highest common factor of 4105182 and 348.
174
What is the greatest common factor of 600 and 190725?
75
What is the greatest common divisor of 366 and 25986?
366
What is the highest common factor of 11932 and 25612?
76
What is the greatest common factor of 59804 and 4?
4
Calculate the highest common divisor of 20769 and 4773.
129
What is the greatest common factor of 11843 and 9373?
13
Calculate the highest common divisor of 178542 and 218.
218
What is the greatest common divisor of 147 and 4375?
7
Calculate the greatest common factor of 132625 and 125.
125
What is the highest common factor of 422039 and 53?
53
Calculate the highest common divisor of 108 and 108792.
36
What is the greatest common factor of 832 and 238888?
104
Calculate the highest common divisor of 11504 and 16.
16
What is the highest common factor of 15295 and 49?
7
What is the highest common factor of 1638 and 1043?
7
What is the greatest common factor of 70 and 243502?
14
What is the greatest common factor of 368 and 40066?
46
Calculate the greatest common factor of 116333 and 14.
7
What is the greatest common factor of 4870 and 70?
10
Calculate the highest common divisor of 37598 and 110.
22
Calculate the highest common factor of 9758 and 50512.
574
What is the highest common factor of 96 and 28208?
16
What is the highest common divisor of 30 and 16758510?
30
Calculate the greatest common divisor of 45615 and 330.
15
What is the greatest common factor of 258039 and 57?
57
Calculate the highest common factor of 273 and 27391.
91
Calculate the greatest common divisor of 752 and 44932.
188
Calculate the highest common factor of 985970 and 10.
10
Calculate the highest common factor of 40 and 388280.
40
Calculate the greatest common divisor of 117 and 633165.
39
Calculate the greatest common divisor of 11770500 and 375.
375
What is the greatest common factor of 1105 and 65?
65
What is the greatest common factor of 150 and 10806?
6
Calculate the highest common divisor of 426 and 192.
6
Calculate the greatest common factor of 32 and 1944.
8
What is the highest common divisor of 325748 and 2108?
124
Calculate the highest common divisor of 111044 and 68.
68
What is the greatest common factor of 83246 and 428?
214
Calculate the highest common divisor of 12429 and 64907.
1381
What is the greatest common factor of 235 and 58045?
235
What is the greatest common factor of 2275104 and 4992?
1248
What is the highest common factor of 1416 and 4056?
24
Calculate the highest common factor of 322 and 8533.
161
What is the greatest common factor of 5332 and 1147?
31
What is the highest common divisor of 1994284 and 460?
92
Calculate the greatest common factor of 56 and 103537.
7
What is the highest common divisor of 32968 and 247?
13
Calculate the greatest common factor of 27 and 11358.
9
Calculate the greatest common factor of 125 and 7400.
25
Calculate the highest common divisor of 315088 and 141.
47
Calculate the highest common factor of 40704 and 2438.
106
Calculate the highest common factor of 656894 and 490.
98
What is the greatest common divisor of 288 and 171?
9
Calculate the greatest common divisor of 32 and 3813088.
32
What is the greatest common divisor of 21 and 104881?
7
What is the greatest common factor of 4500 and 29500?
500
Calculate the highest common factor of 2088883 and 23.
23
Calculate the highest common divisor of 105 and 132909.
21
What is the highest common factor of 3480 and 217848?
696
Calculate the highest common factor of 1122 and 1156.
34
What is the greatest common factor of 760 and 18335?
95
What is the highest common factor of 237853 and 11?
11
What is the greatest common divisor of 39 and 78637?
13
Calculate the highest common divisor of 132147 and 63.
9
Calculate the highest common divisor of 1518 and 91218.
138
What is the highest common factor of 8 and 3239736?
8
Calculate the highest common factor of 940 and 1153615.
235
What is the greatest common factor of 45906 and 56?
14
What is the highest common divisor of 293427 and 1?